ctors of 3600597269.
31, 116148299
What are the prime factors of 162607177?
4519, 35983
What are the prime factors of 1025964105?
3, 5, 23, 2973809
What are the prime factors of 1593631955?
5, 83, 3840077
What are the prime factors of 321921771?
3, 107307257
List the prime factors of 242837060.
2, 5, 269, 45137
List the prime factors of 3731904196.
2, 257, 3630257
What are the prime factors of 1126215174?
2, 3, 7, 29, 924643
What are the prime factors of 268087509?
3, 1289, 7703
List the prime factors of 1241073082.
2, 1093, 567737
List the prime factors of 34781087.
11, 223, 1289
List the prime factors of 1397151440.
2, 5, 991, 17623
What are the prime factors of 643388460?
2, 3, 5, 11, 13, 17, 401
List the prime factors of 35032052.
2, 11, 101, 7883
What are the prime factors of 68516462?
2, 7, 677, 7229
List the prime factors of 2696436794.
2, 19, 101, 103, 359
What are the prime factors of 595204253?
7, 85029179
List the prime factors of 2726291755.
5, 11, 49568941
What are the prime factors of 59835148?
2, 14958787
List the prime factors of 3507739.
3507739
What are the prime factors of 43192214?
2, 13, 547, 3037
What are the prime factors of 168209308?
2, 4673, 8999
List the prime factors of 52123.
47, 1109
List the prime factors of 74164357.
59, 97, 12959
What are the prime factors of 37061864?
2, 7, 31, 37, 577
What are the prime factors of 290323400?
2, 5, 53, 61, 449
List the prime factors of 328060188.
2, 3, 41, 47, 4729
What are the prime factors of 338016349?
11, 23, 37, 36109
List the prime factors of 1363878650.
2, 5, 27277573
What are the prime factors of 792378259?
31, 41, 131, 4759
What are the prime factors of 2110981611?
3, 31, 732217
List the prime factors of 17448485.
5, 3489697
List the prime factors of 702987385.
5, 10883, 12919
List the prime factors of 431804074.
2, 13, 16607849
List the prime factors of 66363059.
7, 61, 73, 2129
List the prime factors of 988767519.
3, 199, 1656227
What are the prime factors of 464158252?
2, 139, 761, 1097
List the prime factors of 150293869.
11, 1361, 10039
List the prime factors of 99690356.
2, 4261, 5849
What are the prime factors of 452445431?
6857, 65983
What are the prime factors of 38371113?
3, 11, 387587
List the prime factors of 278983894.
2, 7, 19927421
List the prime factors of 857406553.
193, 4442521
List the prime factors of 47207475.
3, 5, 7, 97, 103
What are the prime factors of 884904010?
2, 5, 1249, 70849
What are the prime factors of 106446304?
2, 1801, 1847
What are the prime factors of 17302469?
43, 402383
What are the prime factors of 1299155812?
2, 31, 10477063
List the prime factors of 86639123.
17, 647, 7877
What are the prime factors of 2611703232?
2, 3, 83, 54629
What are the prime factors of 177108225?
3, 5, 7, 337349
What are the prime factors of 2462648097?
3, 7, 13, 83, 251, 433
What are the prime factors of 115866195?
3, 5, 613, 12601
What are the prime factors of 117245933?
7, 37, 452687
List the prime factors of 1530376474.
2, 11, 69562567
What are the prime factors of 199831892?
2, 13, 19, 257, 787
List the prime factors of 92044288.
2, 7, 12841
List the prime factors of 13994361.
3, 31, 50159
List the prime factors of 264869079.
3, 827, 106759
What are the prime factors of 454422571?
151, 3009421
List the prime factors of 698683636.
2, 7, 24952987
What are the prime factors of 73664841?
3, 24554947
List the prime factors of 70595930.
2, 5, 7059593
List the prime factors of 35983047.
3, 11994349
List the prime factors of 1613111746.
2, 97, 8315009
What are the prime factors of 1208139406?
2, 604069703
List the prime factors of 198015194.
2, 13, 37, 205837
What are the prime factors of 430235490?
2, 3, 5, 17, 523, 1613
What are the prime factors of 58330923?
3, 7, 56687
List the prime factors of 357089426.
2, 178544713
List the prime factors of 540656767.
7, 77236681
List the prime factors of 2036513360.
2, 5, 7, 3636631
What are the prime factors of 410022115?
5, 373, 219851
List the prime factors of 1377252081.
3, 271, 564679
What are the prime factors of 48466294?
2, 1033, 23459
List the prime factors of 962994528.
2, 3, 1114577
List the prime factors of 848632915.
5, 13, 61, 214031
List the prime factors of 353811779.
431, 820909
What are the prime factors of 256650666?
2, 3, 17, 647, 3889
List the prime factors of 410268179.
179, 2292001
List the prime factors of 57159528.
2, 3, 1093, 2179
List the prime factors of 6864337018.
2, 7, 11, 79, 4663
List the prime factors of 1320889177.
19, 3323, 20921
List the prime factors of 29389464.
2, 3, 13, 17, 1847
List the prime factors of 149780658.
2, 3, 24963443
What are the prime factors of 40287063?
3, 257, 52253
What are the prime factors of 2544629?
2544629
List the prime factors of 919889622.
2, 3, 1892777
List the prime factors of 2177334148.
2, 11, 49484867
List the prime factors of 339446614.
2, 13, 283, 46133
List the prime factors of 1256050072.
2, 67, 79, 29663
List the prime factors of 709489374.
2, 3, 11, 19, 31, 18251
What are the prime factors of 31726600?
2, 5, 158633
List the prime factors of 90296199.
3, 7, 1433273
List the prime factors of 1111999281.
3, 1097, 337891
What are the prime factors of 254640660?
2, 3, 5, 19, 37, 6037
List the prime factors of 985056738.
2, 3, 17, 47, 205477
List the prime factors of 5528145195.
3, 5, 331, 371141
What are the prime factors of 3286775716?
2, 7, 17, 23, 331, 907
List the prime factors of 824687208.
2, 3, 53, 216113
What are the prime factors of 249158679?
3, 7, 11, 154087
List the prime factors of 302696107.
7, 43242301
List the prime factors of 4154549.
7, 593507
What are the prime factors of 2600344631?
2600344631
What are the prime factors of 67118449?
389, 172541
What are the prime factors of 7110093?
3, 43, 55117
List the prime factors of 137313152.
2, 19, 131, 431
What are the prime factors of 44988768?
2, 3, 11, 1291
What are the prime factors of 771951277?
23, 541, 62039
What are the prime factors of 342927727?
342927727
What are the prime factors of 70280293?
70280293
What are the prime factors of 5996474731?
13, 35482099
What are the prime factors of 35728997?
35728997
What are the prime factors of 14639608?
2, 43, 42557
What are the prime factors of 126936736?
2, 3966773
What are the prime factors of 3860357915?
5, 137, 577, 9767
What are the prime factors of 79304684?
2, 67, 199, 1487
What are the prime factors of 2982828812?
2, 745707203
List the prime factors of 518294729.
518294729
List the prime factors of 437250523.
17, 25720619
What are the prime factors of 28402520?
2, 5, 181, 3923
What are the prime factors of 271778490?
2, 3, 5, 17, 43
What are the prime factors of 1145443114?
2, 37, 15478961
What are the prime factors of 4126514?
2, 7, 294751
What are the prime factors of 1479626087?
23, 43, 1496083
What are the prime factors of 110697526?
2, 251, 220513
List the prime factors of 36204231.
3, 7, 23, 3259
What are the prime factors of 271340002?
2, 135670001
List the prime factors of 14326801.
17, 53, 15901
What are the prime factors of 2364006720?
2, 3, 5, 673, 3659
What are the prime factors of 1111027064?
2, 7, 3413, 5813
List the prime factors of 2247793395.
3, 5, 43, 179, 19469
List the prime factors of 46362241.
769, 60289
What are the prime factors of 6707796243?
3, 47, 47573023
List the prime factors of 647766798.
2, 3, 7, 15423019
What are the prime factors of 159299197?
17, 9370541
What are the prime factors of 70417872?
2, 3, 7, 69859
What are the prime factors of 139859677?
59, 2370503
What are the prime factors of 1631495?
5, 283, 1153
List the prime factors of 210993210.
2, 3, 5, 919, 2551
List the prime factors of 175646569.
7, 25092367
What are the prime factors of 185874614?
2, 92937307
What are the prime factors of 131450771?
131, 139, 7219
List the prime factors of 108767417.
11, 2417, 4091
What are the prime factors of 32068656?
2, 3, 19, 3907
List the prime factors of 31143689.
31143689
What are the prime factors of 3748130474?
2, 11, 170369567
List the prime factors of 5460038053.
17, 83, 3869623
List the prime factors of 1956793835.
5, 73, 157, 34147
What are the prime factors of 259669892?
2, 41, 1583353
What are the prime factors of 71433966?
2, 3, 17, 593, 1181
List the prime factors of 5242646